he highest common divisor of 391 and w?
17
Let t = 286 + -241. What is the highest common factor of t and 72?
9
Let v be (12/2 - -6) + (-12)/(-4). Calculate the highest common factor of v and 10.
5
Suppose 54 = -0*p + 3*p - g, 4*p + g = 72. What is the highest common divisor of p and 2?
2
Let o = -11 - -7. Let m be 2*2/o - 2. Let h be m + 2 + -2 + 27. What is the highest common factor of h and 72?
24
Suppose -4*c + z = -493, -c - z + 6*z = -109. Suppose -5*b + 4*d - c = -427, 4*d - 12 = 0. Calculate the highest common divisor of 9 and b.
9
Suppose 4*d - 2*d - 6 = 0. Suppose 0 = -27*p + 29*p - 200. Suppose -p + 7 = -d*h. What is the highest common divisor of 62 and h?
31
Suppose -p + 103 = 3*u, -2*p + u = 3*p - 483. Suppose y - 173 = p. What is the greatest common divisor of y and 30?
30
Let h be (1/3)/(34/1020). Calculate the highest common divisor of h and 50.
10
Let j(h) = -5*h + 1. Let d be j(-4). Let b = -94 + 100. Let u be (-19)/(-6) + b/(-36). What is the greatest common divisor of d and u?
3
Let a = -17 + 32. Let q = 112 - 187. Let j = 78 + q. What is the greatest common divisor of a and j?
3
Let l(h) = -15*h + 114. Let g be l(6). What is the greatest common factor of 96 and g?
24
Let l = -3 + 6. Suppose -2*m + 42 = l*r, 0 = 2*r + 5*m - 17. Suppose 5*s + 12 = -13, -3*j + 134 = 2*s. Calculate the highest common divisor of r and j.
16
Let v = -10 - -3. Let s = 15 + v. Let q = -141 + 165. What is the highest common divisor of s and q?
8
Suppose 3*r + 4 + 64 = 4*g, 2*g - 60 = -5*r. Let m be (4/(-5))/(4/(-150)). What is the highest common divisor of m and g?
10
Let y = -82 - -87. Suppose 5*j = 4*m + 419 + 158, 2*j - y*m = 224. Calculate the highest common factor of j and 9.
9
Let t(o) = -o**2 - 44*o + 3. Let y be t(-23). Calculate the highest common divisor of 54 and y.
54
Let t(i) be the third derivative of -i**4/12 + 7*i**3/2 - 7*i**2. Let j be t(7). Suppose 2*u = 6*u - 140. Calculate the highest common divisor of u and j.
7
Let o be 12*2*1/2. Let z be o/(-54) - (-724)/18. Calculate the highest common divisor of z and 10.
10
Let h(o) = 6*o**2 + 76*o - 21. Let l be h(-13). Suppose 26 = 4*x - 14. What is the highest common divisor of x and l?
5
Let f be (-4)/(-2) + (10 - -1). Suppose 0 = w + 4*w + 210. Let z = 75 - w. Calculate the greatest common divisor of z and f.
13
Let i(l) = l**3 + 3 + 0*l**3 + l**2 + 6*l - 3*l**2 + 0*l**3. Let o = 14 + -9. Let m be i(o). What is the greatest common factor of 18 and m?
18
Suppose 4*a + 5*v = 16, 2*a = -3*v + 12 - 6. What is the greatest common factor of 225 and a?
9
Let k = 1832 - 1274. Calculate the highest common divisor of k and 248.
62
Let x(y) = 5*y + 40. Let t be x(-8). Suppose -4*q + t*q = 16, 5 = -n - 2*q. What is the highest common factor of n and 66?
3
Suppose 3 = 2*n - n + i, -3*n - i + 3 = 0. Let k be (5 + n)*(3 + 4). Let m be ((-12)/(-5))/(7/k). Calculate the greatest common factor of 3 and m.
3
Let i be -6 + (-16 + 13 - (2 - 31)). Calculate the highest common divisor of i and 180.
20
Let v = 38 - 20. What is the greatest common factor of v and 234?
18
Let b(y) = y**2 - 7*y - 10. Let x be b(10). Let f be (242/(-88))/((-1)/x). Calculate the greatest common factor of 5 and f.
5
Suppose 0 = -5*n + w + 75 + 70, -4*n + 5*w = -95. Calculate the highest common factor of 18 and n.
6
Suppose -2*a = 8, 2*v + 5*a = 2*a. Let c be 4 - (4 + (0 - v)). What is the highest common divisor of 30 and c?
6
Let n be 1/(-8)*-4*2. Let i be 1/(n/(20 + -1)). Calculate the greatest common divisor of 19 and i.
19
Let n(f) = f**2 + 25*f + 264. Let t be n(-39). What is the highest common factor of t and 10?
10
Suppose 2*a = 2*j + 430, j = -5*a + 171 + 916. Calculate the highest common divisor of 7 and a.
7
Suppose 3*x = 4*m - x - 20, m - 5 = 5*x. Suppose m*v + c = 69, 2*v - 30 = -0*v + 2*c. Calculate the greatest common factor of 210 and v.
14
Let o be (-170)/(-6) + (-2)/(-3). Let i be 32/(2304/54) + (-126)/8. Let v = o + i. Calculate the greatest common divisor of 21 and v.
7
Let o(m) = 21*m. Let j be o(1). What is the greatest common divisor of 15 and j?
3
Let m(j) = -j + 4. Let o be m(7). Let n be (1 + 14/(-3))*o. Suppose -117*g = -112*g - 165. What is the greatest common divisor of n and g?
11
Suppose 19*h - 467 = 882. Calculate the highest common factor of h and 213.
71
Let x be (42/(-4))/(65/(-650)). Calculate the highest common factor of 70 and x.
35
Let l = -171 - -186. What is the greatest common divisor of l and 80?
5
Suppose 3*y + 61 = -i + 234, -163 = -3*y + 4*i. Calculate the highest common divisor of 38 and y.
19
Suppose -2*j + 6 = j - 2*t, 0 = -5*t + 15. Suppose j = 3*u - u. Suppose u*m + 3*y = 169, -4*y + 5 = -3*y. Calculate the greatest common factor of 11 and m.
11
Let u = -13 - -9. Let l be u/(-10) + 240/25. Calculate the greatest common factor of l and 50.
10
Let m = -41 - -95. Calculate the highest common factor of 24 and m.
6
Let t(m) = 2*m - 30. Let r be (7 - -8) + -1*1. Let i be t(r). Let a = i - -11. Calculate the highest common divisor of 99 and a.
9
Let r = 11 + -9. Let d = r - -10. Suppose 0 = -13*b + 10*b + d. What is the greatest common factor of b and 10?
2
Suppose 12*d - 764 = 412. Calculate the greatest common divisor of 7 and d.
7
Let z(p) = -4*p - 92. Let v be z(-38). What is the highest common factor of v and 20?
20
Let a(y) = 13*y + 1. Let z be a(1). Let o be 10/10*1*19. Suppose -w = o - 61. What is the highest common divisor of z and w?
14
Let f = 4 + 14. Suppose z + 3*d = 2*z - f, 4*d = -12. What is the greatest common factor of z and 36?
9
Let j(p) = 2*p + 4. Let c be j(6). Let h = c - 12. Let v be (h + (-26)/7)*7. What is the highest common divisor of 6 and v?
2
Suppose 5*v = 4*y + 19, -7*v + 3*v = 3*y - 40. What is the greatest common factor of v and 175?
7
Let c be 1 - (-2 - -4 - 22). Let w(v) = -2*v**3 - 4*v**2 - 9*v - 48. Let f be w(-5). Calculate the greatest common factor of c and f.
21
Let d = 402 - -372. What is the highest common divisor of 172 and d?
86
Let m be (-20)/11 - 2/11. Let t be 39 + m - (2 + 0). Let i be (-2 - -5) + 4/2. Calculate the highest common factor of t and i.
5
Suppose 2*s = -8, -3*w - w + 84 = -5*s. Let m(g) = g**3 + 8*g**2 - 11*g - 2. Let k be m(-9). What is the greatest common factor of w and k?
16
Let j = 2590 + -2425. Calculate the highest common factor of j and 44.
11
Let l be 0/(-4) + 14/2. Let f = 12 - l. Suppose 201*y - 196*y - 275 = 0. What is the greatest common factor of f and y?
5
Suppose 0 = -5*b - 5, 0*x = -x - 4*b - 7. Let t be 13 + -4 + 3 + x. What is the highest common factor of 18 and t?
9
Let m be (60/(-2))/((-2)/4). Suppose 52 + 68 = -4*a. Let c = -15 - a. What is the highest common factor of c and m?
15
Suppose 0 = -5*y - 2*q + 3*q + 880, -3*q = -2*y + 352. Calculate the greatest common factor of y and 112.
16
Let g(h) = -2*h**3 - 10*h**2 - 8*h - 8. Let x be g(-6). What is the highest common divisor of 7 and x?
7
Let y(t) = -34*t - 107. Let r be y(-5). Suppose 4*w = -0*w + 28. What is the highest common divisor of r and w?
7
Let g be 14 - 6 - 0/1. Suppose -w - 7 = -23. Calculate the highest common divisor of g and w.
8
Suppose 0 = 89*l - 94*l + 140. Calculate the highest common factor of 4 and l.
4
Let x = -236 - -249. What is the greatest common divisor of x and 117?
13
Let f be 2 + (-11)/6 + (-1071)/(-54). Let x be ((-18)/(-12))/(3/20). Calculate the highest common factor of f and x.
10
Suppose 22092 = 18*z - 858. What is the highest common factor of z and 150?
75
Suppose -3*c + 237 = 3*p, 2*c + 3*p - 137 = 8*p. Calculate the greatest common divisor of c and 133.
19
Let d = 18 - 17. Let b be d/(-4) - 37/(-4). Calculate the highest common factor of 27 and b.
9
Let o be -7 + -5*(-882 - -7). Calculate the highest common divisor of o and 13.
13
Let o be 450 + ((-18)/3)/(-3). Calculate the greatest common factor of 565 and o.
113
Suppose -162 = -93*o + 84*o. What is the highest common factor of 171 and o?
9
Let f = -114 - -119. Let k(h) = -h - h + 5 + 4*h. Let w be k(f). Calculate the greatest common factor of w and 60.
15
Let s(n) = -n**2 + 16*n - 15. Let g = 30 - 18. Let i be s(g). Suppose -r = -a - 3*a + 46, 53 = 5*a + r. What is the greatest common factor of i and a?
11
Let s = -33 + 48. Let g = 345 + -340. Calculate the h